{"id":2,"date":"2017-12-02T07:41:18","date_gmt":"2017-12-02T06:41:18","guid":{"rendered":"http:\/\/www.asociacebozp-po.cz\/portal\/?page_id=2"},"modified":"2026-01-18T09:45:24","modified_gmt":"2026-01-18T08:45:24","slug":"uvodni-stranka","status":"publish","type":"page","link":"https:\/\/www.asociacebozp-po.cz\/portal\/","title":{"rendered":"\u00davodn\u00ed str\u00e1nka"},"content":{"rendered":"<div class=\"wpb-content-wrapper\"><p>[vc_row][vc_column][vc_tta_tabs color=&#8220;blue&#8220; gap=&#8220;5&#8243; active_section=&#8220;2&#8243;][vc_tta_section i_icon_fontawesome=&#8220;fas fa-home&#8220; add_icon=&#8220;true&#8220; title=&#8220;\u00davod&#8220; tab_id=&#8220;home&#8220;][vc_column_text css=&#8220;.vc_custom_1698129263061{border-top-width: 1px !important;border-right-width: 1px !important;border-bottom-width: 1px !important;border-left-width: 1px !important;padding-top: 20px !important;padding-right: 15px !important;padding-bottom: 20px !important;padding-left: 15px !important;background-color: #ffffff !important;border-left-color: #1e73be !important;border-left-style: solid !important;border-right-color: #1e73be !important;border-right-style: solid !important;border-top-color: #1e73be !important;border-top-style: solid !important;border-bottom-color: #1e73be !important;border-bottom-style: solid !important;border-radius: 10px !important;}&#8220;]<strong>Asociace technik\u016f bezpe\u010dnosti pr\u00e1ce a po\u017e\u00e1rn\u00ed ochrany \u010cesk\u00e9 republiky, z.s. <\/strong><br \/>\nje akreditovan\u00fdm profesn\u00edm sdru\u017een\u00edm k v\u00fdchov\u011b a odborn\u00e9mu vzd\u011bl\u00e1v\u00e1n\u00ed pracovn\u00edk\u016f v oblasti bezpe\u010dnosti pr\u00e1ce a po\u017e\u00e1rn\u00ed ochrany.<\/p>\n<p>Je vedena u Krajsk\u00e9ho soudu v Brn\u011b L 344 v souladu ze z\u00e1konem \u010d. 304\/2013 Sb., o ve\u0159ejn\u00fdch rejst\u0159\u00edc\u00edch pr\u00e1vnick\u00fdch a fyzick\u00fdch osob, v platn\u00e9m zn\u011bn\u00ed.<\/p>\n<p>Asociace sdru\u017euje odborn\u011b zp\u016fsobil\u00e9 osoby v oboru BOZP a PO s dlouholetou prax\u00ed.<\/p>\n<p>Odborn\u00e9 aktivity asociace jsou ur\u010deny v\u0161em pr\u00e1vnick\u00fdm osob\u00e1m a podnikaj\u00edc\u00edm fyzick\u00fdm osob\u00e1m, kter\u00fdm zaji\u0161\u0165uje prost\u0159ednictv\u00edm sv\u00fdch \u010dlen\u016f komplexn\u00ed slu\u017eby BOZP a PO (nap\u0159. \u0161kolen\u00ed zam\u011bstnanc\u016f, zpracov\u00e1n\u00ed pot\u0159ebn\u00e9 dokumentace, sledov\u00e1n\u00ed pln\u011bn\u00ed \u00fakol\u016f v organizac\u00edch vypl\u00fdvaj\u00edc\u00edch z pr\u00e1vn\u00edch p\u0159edpis\u016f, nap\u0159. povinnosti zam\u011bstnavatel\u016f atd.).[\/vc_column_text][\/vc_tta_section][vc_tta_section i_icon_fontawesome=&#8220;far fa-calendar-alt&#8220; add_icon=&#8220;true&#8220; title=&#8220;Term\u00edny pl\u00e1novan\u00fdch akc\u00ed&#8220; tab_id=&#8220;terminy&#8220;][vc_row_inner][vc_column_inner width=&#8220;1\/2&#8243; css=&#8220;.vc_custom_1698128918285{border-top-width: 1px !important;border-right-width: 1px !important;border-bottom-width: 1px !important;border-left-width: 1px !important;background-color: #ffffff !important;border-left-color: #1e73be !important;border-left-style: solid !important;border-right-color: #1e73be !important;border-right-style: solid !important;border-top-color: #1e73be !important;border-top-style: solid !important;border-bottom-color: #1e73be !important;border-bottom-style: solid !important;border-radius: 10px !important;}&#8220;][vc_column_text css=&#8220;&#8220;]<strong>P\u0159\u00edpravn\u00e9 kurzy OZO a zkou\u0161ky OZO v prevenci rizik:<\/strong><\/p>\n<p>P\u0159\u00edpravn\u00fd kurz <span style=\"text-decoration: underline;\">k z\u00edsk\u00e1n\u00ed odborn\u00e9 zp\u016fsobilosti<\/span> v prevenci rizik pro za\u010d\u00e1te\u010dn\u00edky<\/p>\n<ul>\n<li>\u00a0v p\u0159\u00edprav\u011b<\/li>\n<\/ul>\n<p>Kurz <span style=\"text-decoration: underline;\">k prodlou\u017een\u00ed odborn\u00e9 zp\u016fsobilosti<\/span> v prevenci rizik<\/p>\n<ul>\n<li>v p\u0159\u00edprav\u011b<\/li>\n<\/ul>\n<p>Jednodenn\u00ed intenzivn\u00ed kurz <span style=\"text-decoration: underline;\">k prodlou\u017een\u00ed odborn\u00e9 zp\u016fsobilosti<\/span> v prevenci rizik<\/p>\n<ul>\n<li>v p\u0159\u00edprav\u011b<\/li>\n<\/ul>\n<p><span style=\"text-decoration: underline;\">Zkou\u0161ka odborn\u00e9 zp\u016fsobilosti<\/span> v prevenci rizik<\/p>\n<ul>\n<li>v p\u0159\u00edprav\u011b<\/li>\n<\/ul>\n<p>[\/vc_column_text][\/vc_column_inner][vc_column_inner width=&#8220;1\/2&#8243; css=&#8220;.vc_custom_1698128974472{border-top-width: 1px !important;border-right-width: 1px !important;border-bottom-width: 1px !important;border-left-width: 1px !important;background-color: #ffffff !important;border-left-color: #1e73be !important;border-left-style: solid !important;border-right-color: #1e73be !important;border-right-style: solid !important;border-top-color: #1e73be !important;border-top-style: solid !important;border-bottom-color: #1e73be !important;border-bottom-style: solid !important;border-radius: 10px !important;}&#8220;][vc_column_text css=&#8220;&#8220;]<strong>P\u0159\u00edpravn\u00fd kurz k z\u00edsk\u00e1n\u00ed odborn\u00e9 zp\u016fsobilosti technik PO:<\/strong><\/p>\n<ul style=\"list-style-type: square;\">\n<li><strong><a href=\"https:\/\/www.asociacebozp-po.cz\/portal\/pripravny-kurz-zajemcu-ke-zkousce-technik-pozarni-ochrany-2026-3\/\">10. &#8211; 11.3. a 17. &#8211; 19.3. 2026<\/a><\/strong><\/li>\n<\/ul>\n<p>[\/vc_column_text][vc_column_text css=&#8220;&#8220;]<strong>Odborn\u00e9 semin\u00e1\u0159e k aktu\u00e1ln\u00edm t\u00e9mat\u016fm:<\/strong><\/p>\n<ul style=\"list-style-type: square;\">\n<li>10.02.2026 &#8211; <a href=\"https:\/\/www.asociacebozp-po.cz\/portal\/akce\/seminar-hradec-kralove-2026-02\/\"><strong>Hradec Kr\u00e1lov\u00e9<\/strong><\/a><\/li>\n<li>10.03.2026 &#8211; <a href=\"https:\/\/www.asociacebozp-po.cz\/portal\/akce\/seminar-brno-2026-03\/\"><strong>Brno<\/strong><\/a><\/li>\n<\/ul>\n<p>[\/vc_column_text][vc_column_text css=&#8220;&#8220;]<strong>\u0160kolen\u00ed le\u0161en\u00e1\u0159\u016f<\/strong> k prodlou\u017een\u00ed platnosti a k z\u00edsk\u00e1n\u00ed profesn\u00edho osv\u011bd\u010den\u00ed \u201ele\u0161en\u00e1\u0159\u201c:<\/p>\n<ul style=\"list-style-type: square;\">\n<li>2026 &#8211; v p\u0159\u00edprav\u011b<\/li>\n<\/ul>\n<p><strong>Kurz instruktor\u016f obsluh <\/strong>zdvi\u017en\u00fdch manipula\u010dn\u00edch voz\u00edk\u016f:<\/p>\n<ul style=\"list-style-type: square;\">\n<li>2026 &#8211; v p\u0159\u00edprav\u011b<\/li>\n<\/ul>\n<p>[\/vc_column_text][\/vc_column_inner][\/vc_row_inner][\/vc_tta_section][\/vc_tta_tabs][\/vc_column][\/vc_row]<\/p>\n<\/div>","protected":false},"excerpt":{"rendered":"<p>[vc_row][vc_column][vc_tta_tabs color=&#8220;blue&#8220; gap=&#8220;5&#8243; active_section=&#8220;2&#8243;][vc_tta_section i_icon_fontawesome=&#8220;fas fa-home&#8220; add_icon=&#8220;true&#8220; title=&#8220;\u00davod&#8220; tab_id=&#8220;home&#8220;][vc_column_text css=&#8220;.vc_custom_1698129263061{border-top-width: 1px !important;border-right-width: 1px !important;border-bottom-width: 1px !important;border-left-width: 1px !important;padding-top: 20px !important;padding-right: 15px !important;padding-bottom: 20px !important;padding-left: 15px !important;background-color: #ffffff !important;border-left-color: #1e73be !important;border-left-style: solid !important;border-right-color: #1e73be !important;border-right-style: solid !important;border-top-color: #1e73be !important;border-top-style: solid !important;border-bottom-color:<\/p>\n","protected":false},"author":1,"featured_media":0,"parent":0,"menu_order":0,"comment_status":"closed","ping_status":"closed","template":"","meta":{"footnotes":""},"class_list":["post-2","page","type-page","status-publish","hentry"],"_links":{"self":[{"href":"https:\/\/www.asociacebozp-po.cz\/portal\/wp-json\/wp\/v2\/pages\/2","targetHints":{"allow":["GET"]}}],"collection":[{"href":"https:\/\/www.asociacebozp-po.cz\/portal\/wp-json\/wp\/v2\/pages"}],"about":[{"href":"https:\/\/www.asociacebozp-po.cz\/portal\/wp-json\/wp\/v2\/types\/page"}],"author":[{"embeddable":true,"href":"https:\/\/www.asociacebozp-po.cz\/portal\/wp-json\/wp\/v2\/users\/1"}],"replies":[{"embeddable":true,"href":"https:\/\/www.asociacebozp-po.cz\/portal\/wp-json\/wp\/v2\/comments?post=2"}],"version-history":[{"count":42,"href":"https:\/\/www.asociacebozp-po.cz\/portal\/wp-json\/wp\/v2\/pages\/2\/revisions"}],"predecessor-version":[{"id":2194,"href":"https:\/\/www.asociacebozp-po.cz\/portal\/wp-json\/wp\/v2\/pages\/2\/revisions\/2194"}],"wp:attachment":[{"href":"https:\/\/www.asociacebozp-po.cz\/portal\/wp-json\/wp\/v2\/media?parent=2"}],"curies":[{"name":"wp","href":"https:\/\/api.w.org\/{rel}","templated":true}]}}

Úvodní stránka

<div class="wpb-content-wrapper"><p>[vc_row][vc_column][vc_tta_tabs color=&#8220;blue&#8220; gap=&#8220;5&#8243; active_section=&#8220;2&#8243;][vc_tta_section i_icon_fontawesome=&#8220;fas fa-home&#8220; add_icon=&#8220;true&#8220; title=&#8220;Úvod&#8220; tab_id=&#8220;home&#8220;][vc_column_text css=&#8220;.vc_custom_1698129263061{border-top-width: 1px !important;border-right-width: 1px !important;border-bottom-width: 1px !important;border-left-width: 1px !important;padding-top: 20px !important;padding-right: 15px !important;padding-bottom: 20px !important;padding-left: 15px !important;background-color: #ffffff !important;border-left-color: #1e73be !important;border-left-style: solid !important;border-right-color: #1e73be !important;border-right-style: solid !important;border-top-color: #1e73be !important;border-top-style: solid !important;border-bottom-color: #1e73be !important;border-bottom-style: solid !important;border-radius: 10px !important;}&#8220;]<strong>Asociace techniků bezpečnosti práce a požární ochrany České republiky, z.s. </strong><br />
je akreditovaným profesním sdružením k výchově a odbornému vzdělávání pracovníků v oblasti bezpečnosti práce a požární ochrany.</p>
<p>Je vedena u Krajského soudu v Brně L 344 v souladu ze zákonem č. 304/2013 Sb., o veřejných rejstřících právnických a fyzických osob, v platném znění.</p>
<p>Asociace sdružuje odborně způsobilé osoby v oboru BOZP a PO s dlouholetou praxí.</p>
<p>Odborné aktivity asociace jsou určeny všem právnickým osobám a podnikajícím fyzickým osobám, kterým zajišťuje prostřednictvím svých členů komplexní služby BOZP a PO (např. školení zaměstnanců, zpracování potřebné dokumentace, sledování plnění úkolů v organizacích vyplývajících z právních předpisů, např. povinnosti zaměstnavatelů atd.).[/vc_column_text][/vc_tta_section][vc_tta_section i_icon_fontawesome=&#8220;far fa-calendar-alt&#8220; add_icon=&#8220;true&#8220; title=&#8220;Termíny plánovaných akcí&#8220; tab_id=&#8220;terminy&#8220;][vc_row_inner][vc_column_inner width=&#8220;1/2&#8243; css=&#8220;.vc_custom_1698128918285{border-top-width: 1px !important;border-right-width: 1px !important;border-bottom-width: 1px !important;border-left-width: 1px !important;background-color: #ffffff !important;border-left-color: #1e73be !important;border-left-style: solid !important;border-right-color: #1e73be !important;border-right-style: solid !important;border-top-color: #1e73be !important;border-top-style: solid !important;border-bottom-color: #1e73be !important;border-bottom-style: solid !important;border-radius: 10px !important;}&#8220;][vc_column_text css=&#8220;&#8220;]<strong>Přípravné kurzy OZO a zkoušky OZO v prevenci rizik:</strong></p>
<p>Přípravný kurz <span style="text-decoration: underline;">k získání odborné způsobilosti</span> v prevenci rizik pro začátečníky</p>
<ul>
<li> v přípravě</li>
</ul>
<p>Kurz <span style="text-decoration: underline;">k prodloužení odborné způsobilosti</span> v prevenci rizik</p>
<ul>
<li>v přípravě</li>
</ul>
<p>Jednodenní intenzivní kurz <span style="text-decoration: underline;">k prodloužení odborné způsobilosti</span> v prevenci rizik</p>
<ul>
<li>v přípravě</li>
</ul>
<p><span style="text-decoration: underline;">Zkouška odborné způsobilosti</span> v prevenci rizik</p>
<ul>
<li>v přípravě</li>
</ul>
<p>[/vc_column_text][/vc_column_inner][vc_column_inner width=&#8220;1/2&#8243; css=&#8220;.vc_custom_1698128974472{border-top-width: 1px !important;border-right-width: 1px !important;border-bottom-width: 1px !important;border-left-width: 1px !important;background-color: #ffffff !important;border-left-color: #1e73be !important;border-left-style: solid !important;border-right-color: #1e73be !important;border-right-style: solid !important;border-top-color: #1e73be !important;border-top-style: solid !important;border-bottom-color: #1e73be !important;border-bottom-style: solid !important;border-radius: 10px !important;}&#8220;][vc_column_text css=&#8220;&#8220;]<strong>Přípravný kurz k získání odborné způsobilosti technik PO:</strong></p>
<ul style="list-style-type: square;">
<li><strong><a href="https://www.asociacebozp-po.cz/portal/pripravny-kurz-zajemcu-ke-zkousce-technik-pozarni-ochrany-2026-3/">10. &#8211; 11.3. a 17. &#8211; 19.3. 2026</a></strong></li>
</ul>
<p>[/vc_column_text][vc_column_text css=&#8220;&#8220;]<strong>Odborné semináře k aktuálním tématům:</strong></p>
<ul style="list-style-type: square;">
<li>10.02.2026 &#8211; <a href="https://www.asociacebozp-po.cz/portal/akce/seminar-hradec-kralove-2026-02/"><strong>Hradec Králové</strong></a></li>
<li>10.03.2026 &#8211; <a href="https://www.asociacebozp-po.cz/portal/akce/seminar-brno-2026-03/"><strong>Brno</strong></a></li>
</ul>
<p>[/vc_column_text][vc_column_text css=&#8220;&#8220;]<strong>Školení lešenářů</strong> k prodloužení platnosti a k získání profesního osvědčení „lešenář“:</p>
<ul style="list-style-type: square;">
<li>2026 &#8211; v přípravě</li>
</ul>
<p><strong>Kurz instruktorů obsluh </strong>zdvižných manipulačních vozíků:</p>
<ul style="list-style-type: square;">
<li>2026 &#8211; v přípravě</li>
</ul>
<p>[/vc_column_text][/vc_column_inner][/vc_row_inner][/vc_tta_section][/vc_tta_tabs][/vc_column][/vc_row]</p>
</div>

<p>[vc_row][vc_column][vc_tta_tabs color=&#8220;blue&#8220; gap=&#8220;5&#8243; active_section=&#8220;2&#8243;][vc_tta_section i_icon_fontawesome=&#8220;fas fa-home&#8220; add_icon=&#8220;true&#8220; title=&#8220;Úvod&#8220; tab_id=&#8220;home&#8220;][vc_column_text css=&#8220;.vc_custom_1698129263061{border-top-width: 1px !important;border-right-width: 1px !important;border-bottom-width: 1px !important;border-left-width: 1px !important;padding-top: 20px !important;padding-right: 15px !important;padding-bottom: 20px !important;padding-left: 15px !important;background-color: #ffffff !important;border-left-color: #1e73be !important;border-left-style: solid !important;border-right-color: #1e73be !important;border-right-style: solid !important;border-top-color: #1e73be !important;border-top-style: solid !important;border-bottom-color:</p>
